*2 + 2. Let y be q(-9). What is s(y)?
4
Let r(h) = h**3 - 2 + 4*h**2 + 2657*h + 1 - 2655*h. Let p be (-3)/(4/8*-3). Suppose p*n + 9 = -n. Give r(n).
2
Let s(k) = -12*k**2 - 4*k - 6*k - 15 + 6 + 3*k**2 - k**3. Let p be s(-8). Let l(r) = -r**2 + 8*r + 5. Determine l(p).
12
Suppose 4*r - 5 = 7. Let w(h) = -3*h**2 - h + 6. Let q(n) = 4*n**2 + n - 7. Let k(o) = -2*q(o) - 3*w(o). Give k(r).
8
Let p = -13 + 13. Let r be ((-4)/(-6))/(2/6). Let a(f) = -f - 2 + 3 + p - r*f. What is a(-3)?
10
Let q = 29 - 23. Let g(l) be the first derivative of l**5/60 - 7*l**4/24 - l**3 + 7. Let u(x) be the third derivative of g(x). Determine u(q).
5
Let h(o) = -6*o**2 - 3*o + 3. Let c(l) be the third derivative of -31*l**5/60 - 2*l**4/3 + 8*l**3/3 + 16*l**2. Let m(i) = 2*c(i) - 11*h(i). What is m(1)?
4
Let v(j) = -1720 + 863 + 857 + j**2. Determine v(-3).
9
Let f be -1 + (-4)/((-8)/6). Let b(h) = 0*h**f + 3*h**2 - h**2 + 7*h - 3*h**2 - 5. Give b(5).
5
Suppose -102 = 5*u - 37. Let f(j) = -11*j**3 - 17*j**2 + 14*j + 13. Let i(r) = -9*r**3 - 16*r**2 + 14*r + 13. Let v(b) = 4*f(b) - 5*i(b). Give v(u).
0
Let z(t) = -t**3 - 3*t**2 + 5*t + 6. Let b be z(-4). Let p(j) = 2*j**b + j**3 + j - 2*j**2 + 3 + j**2 - 6*j**2. Let s be (-6)/18 + 16/3. Calculate p(s).
8
Let f(g) be the first derivative of -2*g**3/3 - 3*g**2/2 - g - 91. Determine f(-2).
-3
Let j(d) be the second derivative of -d**4/12 + 5*d**3/6 + 17*d**2/2 - d + 97. Give j(6).
11
Suppose 0 = 3*w - 12*w. Let o(x) = -x**2 + x - 6. What is o(w)?
-6
Let g(h) be the second derivative of h**5/20 - h**4/4 + h**3/6 - h**2/2 - 94*h - 2. What is g(5)?
54
Let k(q) be the second derivative of -q**3/2 - 2*q**2 - q. Suppose 0 = 3*b - 3*y - 27, -3*b + 3*y - 4*y = -15. Determine k(b).
-22
Let j(l) = -l**2 - 8*l - 6. Let t(x) = -6*x**2 + x - 7. Let w be t(0). What is j(w)?
1
Suppose 2 = -2*u + 6. Let d be 66/(-55)*5/u. Let s(b) = -b**2 + b + 3. What is s(d)?
-9
Let v(b) = 132*b**2 - 1 + 149*b**2 - 263*b**2. Calculate v(1).
17
Let d(v) = 3. Let n(p) = -p**3 - 6*p**2 + 10*p - 15. Let h(c) = -6*d(c) - n(c). Determine h(-7).
18
Let m(s) = s**3 + 9*s**2 + 17*s + 24. Let j be m(-7). Let h(y) = 2*y**2 - j*y + 9*y - 1 + 2*y + 0. Give h(-6).
23
Let x(h) = -h**3 - 2*h**2 + 3*h + 2. Let z(g) = -g**3 - 3*g**2 + 4*g + 2. Let r(p) = 3*x(p) - 4*z(p). Give r(-7).
-2
Let j(g) = g - 7. Let i(f) = -f + 7. Let x(z) = 3*i(z) + 2*j(z). Give x(8).
-1
Let r(f) = -f**2 + 5*f + 1. Suppose -2*i = -4*m + 6, -3*m = -2*m - 4*i - 12. Suppose 5*l - 2*l - 18 = m. Give r(l).
-5
Suppose 2*h = 2*f + 16, -4*f + 2*h - 34 = -3*h. Let s(c) = -c + 1. Let z(p) = -5*p - 2. Let g(q) = -3*s(q) + z(q). What is g(f)?
7
Let w(m) be the third derivative of m**6/120 + m**5/12 + m**4/8 - m**3/3 - m**2 - 88. Give w(-4).
2
Let k(q) = -3*q + 10. Let c be k(5). Let v(o) = -6*o + o + 4 + 2*o**2 + o**2. Let n(j) = j**2 - 3*j + 2. Let l(p) = 5*n(p) - 2*v(p). Give l(c).
2
Let b(l) be the first derivative of -l**2/2 - 4*l + 21. Let h be 2 + 2/6*3. Suppose -h*u + 8 = -u. Determine b(u).
-8
Suppose 5*y - 3*i + 64 = -6*i, -30 = 2*y - i. Let b(n) = n**2 + 14*n - 5. Let r be b(y). Let t(s) = s**3 + 5*s**2 - s**2 + 1 + 4 - 5*s. Give t(r).
5
Let b(q) = 7*q + 4*q**2 + q - 1 - 7*q + q + 0*q**2 - q**3. Calculate b(4).
7
Let j(x) = x**2 + 7*x + 5. Let a be 17/6 + 8/48. Let v(i) = -i**2 + 4*i - 1. Let n be v(a). Suppose n*w = 4*w + 12. Give j(w).
-1
Let x(w) = -w**3 - w**2 - 9. Let h = -43 + 79. Let c = 36 - h. Calculate x(c).
-9
Let f(a) = -36*a**2 + 7. Let n(l) = 11*l**2 - 2. Let w(r) = 4*f(r) + 13*n(r). What is w(4)?
-14
Let c(n) be the first derivative of n**4/4 + 13*n**3/3 + 4*n**2 + 7*n - 8. Let o(m) = -m**3 - 14*m**2 - 9*m - 6. Let v(w) = 6*c(w) + 5*o(w). Calculate v(-8).
-12
Let u(x) = 13*x - 2. Let p(m) = -66*m + 725. Let g be p(11). Calculate u(g).
-15
Let c = 13 + -12. Let d(i) = i**2 + 2*i - 1. Let l be d(c). Let v(m) = -4*m**l + 0*m**2 + 0*m**2. What is v(-1)?
-4
Suppose 0 = 4*q + 12, 0 = -5*l + 2*q + 37 - 6. Let y(a) = 4*a - 2 + 0*a**2 + a**2 + 10 + l*a. What is y(-7)?
-6
Suppose -12*c = -10*c - 6. Suppose m + 4 = -c. Let k(h) = h + 4. What is k(m)?
-3
Let z(k) = 13*k**2 - k + 1. Let a = 598 - 597. What is z(a)?
13
Let x = -14 - -18. Suppose -5 = -d - x. Let j(n) = 8 + 0 + n**2 + d + 7*n - 5. Calculate j(-6).
-2
Let d(s) = -s + 6 - s - 4 - 3 + 205*s**2 - 199*s**2 - s**3. Give d(5).
14
Let g(p) = -3 + 4 + 4*p + 1 - 6*p. Let a(i) = 3*i - 3. Let r(z) = 3*a(z) + 4*g(z). Determine r(-6).
-7
Let u(x) = 5*x**2 - 3*x + 9. Let g(q) = 4*q**2 - 2*q + 8. Let d(n) = -6*g(n) + 5*u(n). Suppose 272 = 4*i - 8*i. Let l = i - -72. Give d(l).
1
Let m = 352 - 352. Let y(n) = -n**3 + n**2 + 13. Determine y(m).
13
Suppose -s - 4*s = 30. Let p(m) = 4*m + 13. Let q(h) = 9*h + 27. Let z(k) = s*q(k) + 13*p(k). Suppose 0 = a + 3*a - 20. Calculate z(a).
-3
Let k(v) = v**3 - 5*v**2 - 4*v + 6. Let q be (-1 - -4)*20/15. Suppose -14 = -q*i + 6. Calculate k(i).
-14
Let v = -14 + 17. Let r(a) = -2*a**v + 0*a**2 + 6*a + 2 + a**2 - 5*a + a**2. Calculate r(2).
-4
Let m(f) be the first derivative of -f**3/3 + 4*f - 22. Give m(0).
4
Suppose -5*x - 40 = -5*j, 10*j - 5*x - 10 = 8*j. Let m(n) = -n**2 + 8*n - 1. What is m(j)?
-21
Let k(w) = 4*w - 1. Suppose n + 8 - 9 = 0. Let s be k(n). Let p(x) = 1 - 4*x - 5 + 1 + 0 + x**s + 3*x**2. Calculate p(-4).
-3
Let h(a) be the first derivative of -5*a**2 + a - 1. Let w(c) = -c**2 - 3*c. Let p be w(-3). Suppose -3*l + 3 = -p. Determine h(l).
-9
Let n(w) = w. Let g(s) be the second derivative of s**5/20 + s**4/2 + 4*s**3/3 + s**2 - 20*s. Let i(f) = -g(f) + 6*n(f). Calculate i(-6).
10
Suppose 0*a - 5*a = -0*a. Let j(s) be the second derivative of -1/20*s**5 + a + 0*s**4 + 5*s - 1/6*s**3 - 7*s**2. Determine j(0).
-14
Let y(w) = -w**2 - 2*w + 7. Let c(h) = 3*h**2 + 7*h - 20. Let d be (34/(-4))/(5/10). Let z(v) = d*y(v) - 6*c(v). What is z(-8)?
1
Let g(j) be the first derivative of 7/3*j**3 - 4*j**2 + 18 - 1/4*j**4 + 9*j. Calculate g(6).
-3
Let p(o) = o**3 - 2*o. Let n = -641 + 335. Let j be (-4)/14 + n/(-42). Suppose -5*z = -j*z - 4. Determine p(z).
-4
Let l be 4/(-22) + 357/(-33). Let g = -17 - l. Let k(q) = q**2 + 5*q - 5. What is k(g)?
1
Suppose -79*d = -74*d + 15. Let p(q) = -q**3 + 4*q**2 + 3*q + 2. Let y(x) = 2*x**3 - 8*x**2 - 5*x - 4. Let t(w) = d*y(w) - 7*p(w). What is t(5)?
-7
Let u(k) = -k**3 - k - 9. Suppose -44*r - 8 + 8 = 0. Determine u(r).
-9
Let c(r) = 7*r**2 - 2*r**2 - 58*r + 61*r - r**3 + 0*r**2 + 7. Determine c(6).
-11
Let v(u) = -u**2 - 2*u + 5. Suppose -1 - 19 = -4*m, 3*s = 2*m - 4. Suppose -h - 2*b + 16 = s*b, 3*b = -h + 12. Suppose -4*n + 0*n - 16 = h. Calculate v(n).
-3
Let o be (-4)/(-14) - 165/(-35). Suppose 60 = -5*m + o*c, -3*m + c = m + 45. Let j = m + 12. Let d(x) = 2*x**2 - 1. What is d(j)?
1
Let h(a) = a**3 - 8*a**2 + 16*a - 1. Let z be h(5). Let u(r) = r**3 - 4*r**2 + 4*r - 4. Give u(z).
12
Let l(r) = 2*r + 4 + 3 + 2 - 6 + 2. Determine l(0).
5
Let m(b) = -b**3 + 6*b**2 + 6. Let v be m(6). Let a be -3 - 8/(-6)*v. Suppose a*n + 3*q = n - 8, -q = 0. Let l(g) = -g**3 + 3*g + 1. Calculate l(n).
3
Let f(n) = -n**3 - n**2 + n - 2. Let k be f(0). Let x(t) = 157807 + t**3 - t - 2*t**2 - 157807. Give x(k).
-14
Suppose 76*r - 91*r = -60. Let m(j) be the first derivative of -1/4*j**r + 0*j - 1/3*j**3 - 10 - 1/2*j**2. Calculate m(0).
0
Suppose 37*c - 44*c = -63. Let w(m) = m**3 - 8*m**2 - 12*m + 5. Determine w(c).
-22
Let q(t) = t**2 - 6*t + 1. Suppose 23 = 3*k + a, 12*k - 5*a = 7*k + 25. Give q(k).
8
Let z(i) = 8*i - 25. Let w be z(9). Let c = w + -51. Let f(j) = -j**2 - 6*j - 2. What is f(c)?
6
Let m be 14/(-126)*-6*3/1. Let n(l) = -6*l**3 + l**2 - l - 1. What is n(m)?
-47
Let l(b) = 59*b - 949. Let u be l(16). Let i(s) = s**2 + 9*s + 6. Calculate i(u).
-14
Let o(i) = -3*i**3 - 4*i**2 - 3*i + 2. Let v(l) = l**3 + l + 1. Let a(x) = -o(x) - 2*v(x). Suppose -26 = -3*q - 20, 5*q + 5 = -5*u. What is a(u)?
2
Let m(p) = p**2 - 13*p + 32. Let l(w) = 10*w**2 + 210*w + 10. Let a be l(-21). Calculate m(a).
2
Suppose 0 = 3*s - 3*w + 6, -w - 2*w = 0. Let t be -3 + -1 + (s - (0 - 1)). Let m(k) = -k - 1. Calculate m(t).
4
Let c(d) = -3*d**3 + 28*d**2 + 31*d + 79. Let s(x) = -x**3 + 9*x**2 + 10*x + 27. Let y(a) = -6*c(a) + 17*s(a). Calculate y(16).
-15
Let d(a) = -2*a**2 + a - 7. Let z(o) =